{"id":175,"date":"2020-08-04T08:57:12","date_gmt":"2020-08-04T08:57:12","guid":{"rendered":"http:\/\/vsbruck-fischamenderstrasse.ac.at\/?page_id=175"},"modified":"2025-08-25T08:50:19","modified_gmt":"2025-08-25T08:50:19","slug":"elternverein","status":"publish","type":"page","link":"https:\/\/vsbruck-fischamenderstrasse.ac.at\/?page_id=175","title":{"rendered":"Elternverein"},"content":{"rendered":"\t\t<div data-elementor-type=\"wp-page\" data-elementor-id=\"175\" class=\"elementor elementor-175\">\n\t\t\t\t\t\t\t\t\t<section class=\"elementor-section elementor-top-section elementor-element elementor-element-f776dd4 elementor-section-boxed elementor-section-height-default elementor-section-height-default\" data-id=\"f776dd4\" data-element_type=\"section\">\n\t\t\t\t\t\t<div class=\"elementor-container elementor-column-gap-default\">\n\t\t\t\t\t<div class=\"elementor-column elementor-col-16 elementor-top-column elementor-element elementor-element-f6f0640\" data-id=\"f6f0640\" data-element_type=\"column\">\n\t\t\t<div class=\"elementor-widget-wrap elementor-element-populated\">\n\t\t\t\t\t\t\t\t<div class=\"elementor-element elementor-element-84e6e95 elementor-widget elementor-widget-image\" data-id=\"84e6e95\" data-element_type=\"widget\" data-widget_type=\"image.default\">\n\t\t\t\t<div class=\"elementor-widget-container\">\n\t\t\t\t\t\t\t\t\t\t\t\t\t\t\t<img fetchpriority=\"high\" decoding=\"async\" width=\"640\" height=\"640\" src=\"https:\/\/vsbruck-fischamenderstrasse.ac.at\/wp-content\/uploads\/2024\/06\/Elternverein-Logo.jpeg\" class=\"attachment-large size-large wp-image-1288\" alt=\"\" srcset=\"https:\/\/vsbruck-fischamenderstrasse.ac.at\/wp-content\/uploads\/2024\/06\/Elternverein-Logo.jpeg 640w, https:\/\/vsbruck-fischamenderstrasse.ac.at\/wp-content\/uploads\/2024\/06\/Elternverein-Logo-300x300.jpeg 300w, https:\/\/vsbruck-fischamenderstrasse.ac.at\/wp-content\/uploads\/2024\/06\/Elternverein-Logo-150x150.jpeg 150w, https:\/\/vsbruck-fischamenderstrasse.ac.at\/wp-content\/uploads\/2024\/06\/Elternverein-Logo-600x600.jpeg 600w\" sizes=\"(max-width: 640px) 100vw, 640px\" \/>\t\t\t\t\t\t\t\t\t\t\t\t\t\t\t<\/div>\n\t\t\t\t<\/div>\n\t\t\t\t\t<\/div>\n\t\t<\/div>\n\t\t\t\t<div class=\"elementor-column elementor-col-66 elementor-top-column elementor-element elementor-element-5e9aa24\" data-id=\"5e9aa24\" data-element_type=\"column\">\n\t\t\t<div class=\"elementor-widget-wrap elementor-element-populated\">\n\t\t\t\t\t\t\t\t<section class=\"elementor-section elementor-inner-section elementor-element elementor-element-d803535 elementor-section-boxed elementor-section-height-default elementor-section-height-default\" data-id=\"d803535\" data-element_type=\"section\">\n\t\t\t\t\t\t<div class=\"elementor-container elementor-column-gap-default\">\n\t\t\t\t\t<div class=\"elementor-column elementor-col-50 elementor-inner-column elementor-element elementor-element-4bfb81f\" data-id=\"4bfb81f\" data-element_type=\"column\">\n\t\t\t<div class=\"elementor-widget-wrap elementor-element-populated\">\n\t\t\t\t\t\t\t\t<div class=\"elementor-element elementor-element-12bdc66 elementor-widget elementor-widget-text-editor\" data-id=\"12bdc66\" data-element_type=\"widget\" data-widget_type=\"text-editor.default\">\n\t\t\t\t<div class=\"elementor-widget-container\">\n\t\t\t\t\t\t\t<p><strong>Obfrau: Kathrin Cerny<\/strong><\/p><p>Tel.: 0676 \/ 50 48 \u00a0200<br \/>E-Mail:\u00a0<a href=\"mailto:kathrin.cerny@gmx.at\">kathrin.cerny@gmx.at<\/a>\u00a0<\/p><p><strong>Stv.-Obfrau: Birgit Dippold<\/strong><\/p><p>Tel.: 0660 \/ 472 00 97<br \/>E-Mail: <a href=\"mailto:birgitstoettner@hotmail.com\">birgitstoettner@hotmail.com<\/a><\/p>\t\t\t\t\t\t<\/div>\n\t\t\t\t<\/div>\n\t\t\t\t\t<\/div>\n\t\t<\/div>\n\t\t\t\t<div class=\"elementor-column elementor-col-50 elementor-inner-column elementor-element elementor-element-383ac5f\" data-id=\"383ac5f\" data-element_type=\"column\">\n\t\t\t<div class=\"elementor-widget-wrap elementor-element-populated\">\n\t\t\t\t\t\t\t\t<div class=\"elementor-element elementor-element-9dcec3c elementor-widget elementor-widget-text-editor\" data-id=\"9dcec3c\" data-element_type=\"widget\" data-widget_type=\"text-editor.default\">\n\t\t\t\t<div class=\"elementor-widget-container\">\n\t\t\t\t\t\t\t<p class=\"ng-scope\"><strong>Schriftf\u00fchrerin:<\/strong> Stefanie Ivanic<\/p><p class=\"ng-scope\"><strong>Schriftf\u00fchrer-Stv.:<\/strong> Andreas Schober<\/p><p class=\"ng-scope\"><strong>Kassier:<\/strong> Jochen Gruidl<\/p><p class=\"ng-scope\"><strong>Kassier-Stv.:<\/strong> Tina Huber<\/p><p class=\"ng-scope\"><strong>1.Kassenpr\u00fcfer:<\/strong> Franz Cerny<\/p><p class=\"ng-scope\"><strong>2.Kassenpr\u00fcfer:<\/strong> Martin Jurcic<\/p>\t\t\t\t\t\t<\/div>\n\t\t\t\t<\/div>\n\t\t\t\t\t<\/div>\n\t\t<\/div>\n\t\t\t\t\t\t\t<\/div>\n\t\t<\/section>\n\t\t\t\t\t<\/div>\n\t\t<\/div>\n\t\t\t\t<div class=\"elementor-column elementor-col-16 elementor-top-column elementor-element elementor-element-4126f8e\" data-id=\"4126f8e\" data-element_type=\"column\">\n\t\t\t<div class=\"elementor-widget-wrap elementor-element-populated\">\n\t\t\t\t\t\t\t\t<div class=\"elementor-element elementor-element-b195abf elementor-widget elementor-widget-image\" data-id=\"b195abf\" data-element_type=\"widget\" data-widget_type=\"image.default\">\n\t\t\t\t<div class=\"elementor-widget-container\">\n\t\t\t\t\t\t\t\t\t\t\t\t\t\t\t<img fetchpriority=\"high\" decoding=\"async\" width=\"640\" height=\"640\" src=\"https:\/\/vsbruck-fischamenderstrasse.ac.at\/wp-content\/uploads\/2024\/06\/Elternverein-Logo.jpeg\" class=\"attachment-large size-large wp-image-1288\" alt=\"\" srcset=\"https:\/\/vsbruck-fischamenderstrasse.ac.at\/wp-content\/uploads\/2024\/06\/Elternverein-Logo.jpeg 640w, https:\/\/vsbruck-fischamenderstrasse.ac.at\/wp-content\/uploads\/2024\/06\/Elternverein-Logo-300x300.jpeg 300w, https:\/\/vsbruck-fischamenderstrasse.ac.at\/wp-content\/uploads\/2024\/06\/Elternverein-Logo-150x150.jpeg 150w, https:\/\/vsbruck-fischamenderstrasse.ac.at\/wp-content\/uploads\/2024\/06\/Elternverein-Logo-600x600.jpeg 600w\" sizes=\"(max-width: 640px) 100vw, 640px\" \/>\t\t\t\t\t\t\t\t\t\t\t\t\t\t\t<\/div>\n\t\t\t\t<\/div>\n\t\t\t\t\t<\/div>\n\t\t<\/div>\n\t\t\t\t\t\t\t<\/div>\n\t\t<\/section>\n\t\t\t\t<section class=\"elementor-section elementor-top-section elementor-element elementor-element-67a787b elementor-section-boxed elementor-section-height-default elementor-section-height-default\" data-id=\"67a787b\" data-element_type=\"section\">\n\t\t\t\t\t\t<div class=\"elementor-container elementor-column-gap-default\">\n\t\t\t\t\t<div class=\"elementor-column elementor-col-100 elementor-top-column elementor-element elementor-element-470f7e0\" data-id=\"470f7e0\" data-element_type=\"column\">\n\t\t\t<div class=\"elementor-widget-wrap elementor-element-populated\">\n\t\t\t\t\t\t\t\t<div class=\"elementor-element elementor-element-887541e elementor-widget elementor-widget-text-editor\" data-id=\"887541e\" data-element_type=\"widget\" data-widget_type=\"text-editor.default\">\n\t\t\t\t<div class=\"elementor-widget-container\">\n\t\t\t\t\t\t\t<p style=\"text-align: center;\">Der Elternverein der VS Fischamenderstra\u00dfe freut sich \u00fcber tatkr\u00e4ftige Unterst\u00fctzung im Team und auf gute Zusammenarbeit im n\u00e4chsten Schuljahr.<\/p>\t\t\t\t\t\t<\/div>\n\t\t\t\t<\/div>\n\t\t\t\t\t<\/div>\n\t\t<\/div>\n\t\t\t\t\t\t\t<\/div>\n\t\t<\/section>\n\t\t\t\t<section class=\"elementor-section elementor-top-section elementor-element elementor-element-d518604 elementor-section-boxed elementor-section-height-default elementor-section-height-default\" data-id=\"d518604\" data-element_type=\"section\">\n\t\t\t\t\t\t<div class=\"elementor-container elementor-column-gap-default\">\n\t\t\t\t\t<div class=\"elementor-column elementor-col-100 elementor-top-column elementor-element elementor-element-78c7783\" data-id=\"78c7783\" data-element_type=\"column\">\n\t\t\t<div class=\"elementor-widget-wrap elementor-element-populated\">\n\t\t\t\t\t\t\t\t<div class=\"elementor-element elementor-element-d0d0dcd elementor-widget elementor-widget-heading\" data-id=\"d0d0dcd\" data-element_type=\"widget\" data-widget_type=\"heading.default\">\n\t\t\t\t<div class=\"elementor-widget-container\">\n\t\t\t<h2 class=\"elementor-heading-title elementor-size-default\">Unser Spielefest 2025<\/h2>\t\t<\/div>\n\t\t\t\t<\/div>\n\t\t\t\t\t<\/div>\n\t\t<\/div>\n\t\t\t\t\t\t\t<\/div>\n\t\t<\/section>\n\t\t\t\t<section class=\"elementor-section elementor-top-section elementor-element elementor-element-a8cfc90 elementor-section-boxed elementor-section-height-default elementor-section-height-default\" data-id=\"a8cfc90\" data-element_type=\"section\">\n\t\t\t\t\t\t<div class=\"elementor-container elementor-column-gap-default\">\n\t\t\t\t\t<div class=\"elementor-column elementor-col-50 elementor-top-column elementor-element elementor-element-e8c4673\" data-id=\"e8c4673\" data-element_type=\"column\">\n\t\t\t<div class=\"elementor-widget-wrap elementor-element-populated\">\n\t\t\t\t\t\t\t\t<div class=\"elementor-element elementor-element-b833663 elementor-widget elementor-widget-image\" data-id=\"b833663\" data-element_type=\"widget\" data-widget_type=\"image.default\">\n\t\t\t\t<div class=\"elementor-widget-container\">\n\t\t\t\t\t\t\t\t\t\t\t\t\t\t\t<img decoding=\"async\" width=\"1024\" height=\"1024\" src=\"https:\/\/vsbruck-fischamenderstrasse.ac.at\/wp-content\/uploads\/2025\/08\/PHOTO-2025-05-19-21-39-52-1024x1024.jpg\" class=\"attachment-large size-large wp-image-1441\" alt=\"\" srcset=\"https:\/\/vsbruck-fischamenderstrasse.ac.at\/wp-content\/uploads\/2025\/08\/PHOTO-2025-05-19-21-39-52-1024x1024.jpg 1024w, https:\/\/vsbruck-fischamenderstrasse.ac.at\/wp-content\/uploads\/2025\/08\/PHOTO-2025-05-19-21-39-52-300x300.jpg 300w, https:\/\/vsbruck-fischamenderstrasse.ac.at\/wp-content\/uploads\/2025\/08\/PHOTO-2025-05-19-21-39-52-150x150.jpg 150w, https:\/\/vsbruck-fischamenderstrasse.ac.at\/wp-content\/uploads\/2025\/08\/PHOTO-2025-05-19-21-39-52-768x768.jpg 768w, https:\/\/vsbruck-fischamenderstrasse.ac.at\/wp-content\/uploads\/2025\/08\/PHOTO-2025-05-19-21-39-52-1536x1536.jpg 1536w, https:\/\/vsbruck-fischamenderstrasse.ac.at\/wp-content\/uploads\/2025\/08\/PHOTO-2025-05-19-21-39-52-600x600.jpg 600w, https:\/\/vsbruck-fischamenderstrasse.ac.at\/wp-content\/uploads\/2025\/08\/PHOTO-2025-05-19-21-39-52.jpg 1600w\" sizes=\"(max-width: 1024px) 100vw, 1024px\" \/>\t\t\t\t\t\t\t\t\t\t\t\t\t\t\t<\/div>\n\t\t\t\t<\/div>\n\t\t\t\t\t<\/div>\n\t\t<\/div>\n\t\t\t\t<div class=\"elementor-column elementor-col-50 elementor-top-column elementor-element elementor-element-f47e16c\" data-id=\"f47e16c\" data-element_type=\"column\">\n\t\t\t<div class=\"elementor-widget-wrap elementor-element-populated\">\n\t\t\t\t\t\t\t\t<div class=\"elementor-element elementor-element-df83cb0 elementor-widget elementor-widget-image\" data-id=\"df83cb0\" data-element_type=\"widget\" data-widget_type=\"image.default\">\n\t\t\t\t<div class=\"elementor-widget-container\">\n\t\t\t\t\t\t\t\t\t\t\t\t\t\t\t<img decoding=\"async\" width=\"1024\" height=\"1024\" src=\"https:\/\/vsbruck-fischamenderstrasse.ac.at\/wp-content\/uploads\/2025\/08\/PHOTO-2025-05-19-21-39-52-2-1024x1024.jpg\" class=\"attachment-large size-large wp-image-1442\" alt=\"\" srcset=\"https:\/\/vsbruck-fischamenderstrasse.ac.at\/wp-content\/uploads\/2025\/08\/PHOTO-2025-05-19-21-39-52-2-1024x1024.jpg 1024w, https:\/\/vsbruck-fischamenderstrasse.ac.at\/wp-content\/uploads\/2025\/08\/PHOTO-2025-05-19-21-39-52-2-300x300.jpg 300w, https:\/\/vsbruck-fischamenderstrasse.ac.at\/wp-content\/uploads\/2025\/08\/PHOTO-2025-05-19-21-39-52-2-150x150.jpg 150w, https:\/\/vsbruck-fischamenderstrasse.ac.at\/wp-content\/uploads\/2025\/08\/PHOTO-2025-05-19-21-39-52-2-768x768.jpg 768w, https:\/\/vsbruck-fischamenderstrasse.ac.at\/wp-content\/uploads\/2025\/08\/PHOTO-2025-05-19-21-39-52-2-1536x1536.jpg 1536w, https:\/\/vsbruck-fischamenderstrasse.ac.at\/wp-content\/uploads\/2025\/08\/PHOTO-2025-05-19-21-39-52-2-600x600.jpg 600w, https:\/\/vsbruck-fischamenderstrasse.ac.at\/wp-content\/uploads\/2025\/08\/PHOTO-2025-05-19-21-39-52-2.jpg 1600w\" sizes=\"(max-width: 1024px) 100vw, 1024px\" \/>\t\t\t\t\t\t\t\t\t\t\t\t\t\t\t<\/div>\n\t\t\t\t<\/div>\n\t\t\t\t\t<\/div>\n\t\t<\/div>\n\t\t\t\t\t\t\t<\/div>\n\t\t<\/section>\n\t\t\t\t<section class=\"elementor-section elementor-top-section elementor-element elementor-element-04d2318 elementor-section-boxed elementor-section-height-default elementor-section-height-default\" data-id=\"04d2318\" data-element_type=\"section\">\n\t\t\t\t\t\t<div class=\"elementor-container elementor-column-gap-default\">\n\t\t\t\t\t<div class=\"elementor-column elementor-col-100 elementor-top-column elementor-element elementor-element-87ccc1a\" data-id=\"87ccc1a\" data-element_type=\"column\">\n\t\t\t<div class=\"elementor-widget-wrap elementor-element-populated\">\n\t\t\t\t\t\t\t\t<div class=\"elementor-element elementor-element-0d09043 elementor-widget elementor-widget-heading\" data-id=\"0d09043\" data-element_type=\"widget\" data-widget_type=\"heading.default\">\n\t\t\t\t<div class=\"elementor-widget-container\">\n\t\t\t<h2 class=\"elementor-heading-title elementor-size-default\"><span class=\"elementor-heading-title elementor-size-default elementor-inline-editing pen\" data-elementor-setting-key=\"title\" data-pen-placeholder=\"Eingabe hier...\" style=\"outline-color: currentcolor; outline-style: none; font-variant-caps: normal; font-family: &quot;Source Sans Pro&quot;, sans-serif; font-size: 21px; font-style: normal; letter-spacing: 0.2px;\">Unser Spielefest 2024<\/span><\/h2>\t\t<\/div>\n\t\t\t\t<\/div>\n\t\t\t\t\t<\/div>\n\t\t<\/div>\n\t\t\t\t\t\t\t<\/div>\n\t\t<\/section>\n\t\t\t\t<section class=\"elementor-section elementor-top-section elementor-element elementor-element-291090e elementor-section-boxed elementor-section-height-default elementor-section-height-default\" data-id=\"291090e\" data-element_type=\"section\">\n\t\t\t\t\t\t<div class=\"elementor-container elementor-column-gap-default\">\n\t\t\t\t\t<div class=\"elementor-column elementor-col-50 elementor-top-column elementor-element elementor-element-99a4497\" data-id=\"99a4497\" data-element_type=\"column\">\n\t\t\t<div class=\"elementor-widget-wrap elementor-element-populated\">\n\t\t\t\t\t\t\t\t<div class=\"elementor-element elementor-element-077fc46 elementor-widget elementor-widget-image\" data-id=\"077fc46\" data-element_type=\"widget\" data-widget_type=\"image.default\">\n\t\t\t\t<div class=\"elementor-widget-container\">\n\t\t\t\t\t\t\t\t\t\t\t\t\t\t\t<img loading=\"lazy\" decoding=\"async\" width=\"1024\" height=\"724\" src=\"https:\/\/vsbruck-fischamenderstrasse.ac.at\/wp-content\/uploads\/2024\/06\/Elternverein1-1024x724.jpeg\" class=\"attachment-large size-large wp-image-1310\" alt=\"\" srcset=\"https:\/\/vsbruck-fischamenderstrasse.ac.at\/wp-content\/uploads\/2024\/06\/Elternverein1-1024x724.jpeg 1024w, https:\/\/vsbruck-fischamenderstrasse.ac.at\/wp-content\/uploads\/2024\/06\/Elternverein1-300x212.jpeg 300w, https:\/\/vsbruck-fischamenderstrasse.ac.at\/wp-content\/uploads\/2024\/06\/Elternverein1-768x543.jpeg 768w, https:\/\/vsbruck-fischamenderstrasse.ac.at\/wp-content\/uploads\/2024\/06\/Elternverein1-1536x1085.jpeg 1536w, https:\/\/vsbruck-fischamenderstrasse.ac.at\/wp-content\/uploads\/2024\/06\/Elternverein1.jpeg 2048w\" sizes=\"(max-width: 1024px) 100vw, 1024px\" \/>\t\t\t\t\t\t\t\t\t\t\t\t\t\t\t<\/div>\n\t\t\t\t<\/div>\n\t\t\t\t\t<\/div>\n\t\t<\/div>\n\t\t\t\t<div class=\"elementor-column elementor-col-50 elementor-top-column elementor-element elementor-element-9f7a1d1\" data-id=\"9f7a1d1\" data-element_type=\"column\">\n\t\t\t<div class=\"elementor-widget-wrap elementor-element-populated\">\n\t\t\t\t\t\t\t\t<div class=\"elementor-element elementor-element-bad8763 elementor-widget elementor-widget-image\" data-id=\"bad8763\" data-element_type=\"widget\" data-widget_type=\"image.default\">\n\t\t\t\t<div class=\"elementor-widget-container\">\n\t\t\t\t\t\t\t\t\t\t\t\t\t\t\t<img decoding=\"async\" src=\"http:\/\/vsbruck-fischamenderstrasse.ac.at\/wp-content\/uploads\/2024\/06\/Dankesschreiben-2023-2024.pdf\" title=\"\" alt=\"\" loading=\"lazy\" \/>\t\t\t\t\t\t\t\t\t\t\t\t\t\t\t<\/div>\n\t\t\t\t<\/div>\n\t\t\t\t\t<\/div>\n\t\t<\/div>\n\t\t\t\t\t\t\t<\/div>\n\t\t<\/section>\n\t\t\t\t\t\t\t<\/div>\n\t\t","protected":false},"excerpt":{"rendered":"<p>Obfrau: Kathrin Cerny Tel.: 0676 \/ 50 48 \u00a0200E-Mail:\u00a0kathrin.cerny@gmx.at\u00a0 Stv.-Obfrau: Birgit Dippold Tel.: 0660 \/ 472 00 97E-Mail: birgitstoettner@hotmail.com Schriftf\u00fchrerin: Stefanie Ivanic Schriftf\u00fchrer-Stv.: Andreas Schober Kassier: Jochen Gruidl Kassier-Stv.: Tina Huber 1.Kassenpr\u00fcfer: Franz Cerny 2.Kassenpr\u00fcfer: Martin Jurcic Der Elternverein der VS Fischamenderstra\u00dfe freut sich \u00fcber tatkr\u00e4ftige Unterst\u00fctzung im Team und auf gute Zusammenarbeit im n\u00e4chsten [&hellip;]<\/p>\n","protected":false},"author":2,"featured_media":0,"parent":0,"menu_order":0,"comment_status":"closed","ping_status":"closed","template":"","meta":{"ocean_post_layout":"","ocean_both_sidebars_style":"","ocean_both_sidebars_content_width":0,"ocean_both_sidebars_sidebars_width":0,"ocean_sidebar":"0","ocean_second_sidebar":"0","ocean_disable_margins":"enable","ocean_add_body_class":"","ocean_shortcode_before_top_bar":"","ocean_shortcode_after_top_bar":"","ocean_shortcode_before_header":"","ocean_shortcode_after_header":"","ocean_has_shortcode":"","ocean_shortcode_after_title":"","ocean_shortcode_before_footer_widgets":"","ocean_shortcode_after_footer_widgets":"","ocean_shortcode_before_footer_bottom":"","ocean_shortcode_after_footer_bottom":"","ocean_display_top_bar":"default","ocean_display_header":"default","ocean_header_style":"","ocean_center_header_left_menu":"0","ocean_custom_header_template":"0","ocean_custom_logo":0,"ocean_custom_retina_logo":0,"ocean_custom_logo_max_width":0,"ocean_custom_logo_tablet_max_width":0,"ocean_custom_logo_mobile_max_width":0,"ocean_custom_logo_max_height":0,"ocean_custom_logo_tablet_max_height":0,"ocean_custom_logo_mobile_max_height":0,"ocean_header_custom_menu":"0","ocean_menu_typo_font_family":"0","ocean_menu_typo_font_subset":"","ocean_menu_typo_font_size":0,"ocean_menu_typo_font_size_tablet":0,"ocean_menu_typo_font_size_mobile":0,"ocean_menu_typo_font_size_unit":"px","ocean_menu_typo_font_weight":"","ocean_menu_typo_font_weight_tablet":"","ocean_menu_typo_font_weight_mobile":"","ocean_menu_typo_transform":"","ocean_menu_typo_transform_tablet":"","ocean_menu_typo_transform_mobile":"","ocean_menu_typo_line_height":0,"ocean_menu_typo_line_height_tablet":0,"ocean_menu_typo_line_height_mobile":0,"ocean_menu_typo_line_height_unit":"","ocean_menu_typo_spacing":0,"ocean_menu_typo_spacing_tablet":0,"ocean_menu_typo_spacing_mobile":0,"ocean_menu_typo_spacing_unit":"","ocean_menu_link_color":"","ocean_menu_link_color_hover":"","ocean_menu_link_color_active":"","ocean_menu_link_background":"","ocean_menu_link_hover_background":"","ocean_menu_link_active_background":"","ocean_menu_social_links_bg":"","ocean_menu_social_hover_links_bg":"","ocean_menu_social_links_color":"","ocean_menu_social_hover_links_color":"","ocean_disable_title":"default","ocean_disable_heading":"default","ocean_post_title":"","ocean_post_subheading":"","ocean_post_title_style":"","ocean_post_title_background_color":"","ocean_post_title_background":0,"ocean_post_title_bg_image_position":"","ocean_post_title_bg_image_attachment":"","ocean_post_title_bg_image_repeat":"","ocean_post_title_bg_image_size":"","ocean_post_title_height":0,"ocean_post_title_bg_overlay":0.5,"ocean_post_title_bg_overlay_color":"","ocean_disable_breadcrumbs":"default","ocean_breadcrumbs_color":"","ocean_breadcrumbs_separator_color":"","ocean_breadcrumbs_links_color":"","ocean_breadcrumbs_links_hover_color":"","ocean_display_footer_widgets":"default","ocean_display_footer_bottom":"default","ocean_custom_footer_template":"0","footnotes":""},"class_list":["post-175","page","type-page","status-publish","hentry","entry"],"_links":{"self":[{"href":"https:\/\/vsbruck-fischamenderstrasse.ac.at\/index.php?rest_route=\/wp\/v2\/pages\/175"}],"collection":[{"href":"https:\/\/vsbruck-fischamenderstrasse.ac.at\/index.php?rest_route=\/wp\/v2\/pages"}],"about":[{"href":"https:\/\/vsbruck-fischamenderstrasse.ac.at\/index.php?rest_route=\/wp\/v2\/types\/page"}],"author":[{"embeddable":true,"href":"https:\/\/vsbruck-fischamenderstrasse.ac.at\/index.php?rest_route=\/wp\/v2\/users\/2"}],"replies":[{"embeddable":true,"href":"https:\/\/vsbruck-fischamenderstrasse.ac.at\/index.php?rest_route=%2Fwp%2Fv2%2Fcomments&post=175"}],"version-history":[{"count":39,"href":"https:\/\/vsbruck-fischamenderstrasse.ac.at\/index.php?rest_route=\/wp\/v2\/pages\/175\/revisions"}],"predecessor-version":[{"id":1482,"href":"https:\/\/vsbruck-fischamenderstrasse.ac.at\/index.php?rest_route=\/wp\/v2\/pages\/175\/revisions\/1482"}],"wp:attachment":[{"href":"https:\/\/vsbruck-fischamenderstrasse.ac.at\/index.php?rest_route=%2Fwp%2Fv2%2Fmedia&parent=175"}],"curies":[{"name":"wp","href":"https:\/\/api.w.org\/{rel}","templated":true}]}}