{"id":487,"date":"2020-12-15T12:30:39","date_gmt":"2020-12-15T12:30:39","guid":{"rendered":"http:\/\/vsbruck-fischamenderstrasse.ac.at\/?page_id=487"},"modified":"2025-12-28T08:00:23","modified_gmt":"2025-12-28T08:00:23","slug":"schuleinschreibung","status":"publish","type":"page","link":"https:\/\/vsbruck-fischamenderstrasse.ac.at\/?page_id=487","title":{"rendered":"Downloadbereich"},"content":{"rendered":"\t\t<div data-elementor-type=\"wp-page\" data-elementor-id=\"487\" class=\"elementor elementor-487\">\n\t\t\t\t\t\t\t\t\t<section class=\"elementor-section elementor-top-section elementor-element elementor-element-dcdae6a elementor-section-boxed elementor-section-height-default elementor-section-height-default\" data-id=\"dcdae6a\" data-element_type=\"section\">\n\t\t\t\t\t\t<div class=\"elementor-container elementor-column-gap-default\">\n\t\t\t\t\t<div class=\"elementor-column elementor-col-100 elementor-top-column elementor-element elementor-element-0f46541\" data-id=\"0f46541\" data-element_type=\"column\">\n\t\t\t<div class=\"elementor-widget-wrap elementor-element-populated\">\n\t\t\t\t\t\t\t\t<div class=\"elementor-element elementor-element-c073514 elementor-widget elementor-widget-text-editor\" data-id=\"c073514\" data-element_type=\"widget\" data-widget_type=\"text-editor.default\">\n\t\t\t\t<div class=\"elementor-widget-container\">\n\t\t\t\t\t\t\t<p style=\"font-style: normal; font-variant-caps: normal; letter-spacing: normal; caret-color: #000000; color: #000000;\"><strong>Liebe Eltern und Erziehungsberechtigte!<\/strong><\/p><p style=\"font-style: normal; font-variant-caps: normal; letter-spacing: normal; caret-color: #000000; color: #000000;\">Hier finden Sie wichtige Formulare zum Downloaden und s\u00e4mtliche Informationen, welche die Schuleinschreibung f\u00fcr das Jahr 2026\/27 betreffen.\u00a0<\/p><p style=\"font-style: normal; font-variant-caps: normal; letter-spacing: normal; caret-color: #000000; color: #000000;\">Bei Fragen wenden Sie sich bitte an die Direktion unter:\u00a0<a style=\"font-size: 19px; letter-spacing: 0.2px;\" href=\"mailto:s307031@noeschule.at\">s307031@noeschule.at<\/a><\/p>\t\t\t\t\t\t<\/div>\n\t\t\t\t<\/div>\n\t\t\t\t\t<\/div>\n\t\t<\/div>\n\t\t\t\t\t\t\t<\/div>\n\t\t<\/section>\n\t\t\t\t<section class=\"elementor-section elementor-top-section elementor-element elementor-element-60981d0 elementor-section-boxed elementor-section-height-default elementor-section-height-default\" data-id=\"60981d0\" data-element_type=\"section\">\n\t\t\t\t\t\t<div class=\"elementor-container elementor-column-gap-default\">\n\t\t\t\t\t<div class=\"elementor-column elementor-col-100 elementor-top-column elementor-element elementor-element-5d7c3fa\" data-id=\"5d7c3fa\" data-element_type=\"column\">\n\t\t\t<div class=\"elementor-widget-wrap elementor-element-populated\">\n\t\t\t\t\t\t\t\t<div class=\"elementor-element elementor-element-85411e9 elementor-widget elementor-widget-text-editor\" data-id=\"85411e9\" data-element_type=\"widget\" data-widget_type=\"text-editor.default\">\n\t\t\t\t<div class=\"elementor-widget-container\">\n\t\t\t\t\t\t\t<p style=\"font-style: normal; font-variant-caps: normal; letter-spacing: normal; caret-color: #000000; color: #000000;\"><strong>Downloadbereich:<\/strong><\/p>\n<p style=\"font-style: normal; font-variant-caps: normal; letter-spacing: normal; caret-color: #000000; color: #000000;\"><span style=\"text-decoration: underline;\"><strong style=\"font-size: 19px; font-style: normal; font-variant-caps: normal;\">Schuleinschreibung 2026\/27: <\/strong><\/span><\/p>\n<p style=\"font-style: normal; font-variant-caps: normal; letter-spacing: normal; caret-color: #000000; color: #000000;\"><span style=\"font-size: 19px; font-style: normal; font-variant-caps: normal;\">Hier finden Sie das Einschreibeformular f\u00fcr das n\u00e4chste Schuljahr. <\/span><span style=\"font-size: 19px; font-style: normal; font-variant-caps: normal;\">Bitte drucken Sie das Einschreibeformular aus und geben Sie es ausgef\u00fcllt auf dem Gemeindeamt aus. Alle Anmeldungen, die nach dem 12.12.2025 erfolgen, bitte direkt in der Schule abgeben.&nbsp;<\/span><\/p>\n<ul>\n<li><a href=\"http:\/\/vsbruck-fischamenderstrasse.ac.at\/wp-content\/uploads\/2024\/11\/Einschreibungsformular_VS.pdf\">Einschreibungsformular_VS<\/a><\/li>\n<\/ul>\n<p><span style=\"text-decoration: underline;\"><strong>Formulare allgemein<\/strong><\/span><\/p>\n<p style=\"caret-color: #000000; color: #000000; font-style: normal; font-variant-caps: normal; letter-spacing: normal;\"><a href=\"http:\/\/vsbruck-fischamenderstrasse.ac.at\/wp-content\/uploads\/2021\/05\/Elternantrag-fuer-Fernbleiben-vom-Unterricht.pdf\">Elternantrag fuer Fernbleiben vom Unterrich<\/a>t<\/p>\t\t\t\t\t\t<\/div>\n\t\t\t\t<\/div>\n\t\t\t\t\t<\/div>\n\t\t<\/div>\n\t\t\t\t\t\t\t<\/div>\n\t\t<\/section>\n\t\t\t\t\t\t\t<\/div>\n\t\t","protected":false},"excerpt":{"rendered":"<p>Liebe Eltern und Erziehungsberechtigte! Hier finden Sie wichtige Formulare zum Downloaden und s\u00e4mtliche Informationen, welche die Schuleinschreibung f\u00fcr das Jahr 2026\/27 betreffen.\u00a0 Bei Fragen wenden Sie sich bitte an die Direktion unter:\u00a0s307031@noeschule.at Downloadbereich: Schuleinschreibung 2026\/27: Hier finden Sie das Einschreibeformular f\u00fcr das n\u00e4chste Schuljahr. Bitte drucken Sie das Einschreibeformular aus und geben Sie es ausgef\u00fcllt [&hellip;]<\/p>\n","protected":false},"author":2,"featured_media":0,"parent":0,"menu_order":0,"comment_status":"closed","ping_status":"closed","template":"","meta":{"ocean_post_layout":"","ocean_both_sidebars_style":"","ocean_both_sidebars_content_width":0,"ocean_both_sidebars_sidebars_width":0,"ocean_sidebar":"0","ocean_second_sidebar":"0","ocean_disable_margins":"enable","ocean_add_body_class":"","ocean_shortcode_before_top_bar":"","ocean_shortcode_after_top_bar":"","ocean_shortcode_before_header":"","ocean_shortcode_after_header":"","ocean_has_shortcode":"","ocean_shortcode_after_title":"","ocean_shortcode_before_footer_widgets":"","ocean_shortcode_after_footer_widgets":"","ocean_shortcode_before_footer_bottom":"","ocean_shortcode_after_footer_bottom":"","ocean_display_top_bar":"default","ocean_display_header":"default","ocean_header_style":"","ocean_center_header_left_menu":"0","ocean_custom_header_template":"0","ocean_custom_logo":0,"ocean_custom_retina_logo":0,"ocean_custom_logo_max_width":0,"ocean_custom_logo_tablet_max_width":0,"ocean_custom_logo_mobile_max_width":0,"ocean_custom_logo_max_height":0,"ocean_custom_logo_tablet_max_height":0,"ocean_custom_logo_mobile_max_height":0,"ocean_header_custom_menu":"0","ocean_menu_typo_font_family":"0","ocean_menu_typo_font_subset":"","ocean_menu_typo_font_size":0,"ocean_menu_typo_font_size_tablet":0,"ocean_menu_typo_font_size_mobile":0,"ocean_menu_typo_font_size_unit":"px","ocean_menu_typo_font_weight":"","ocean_menu_typo_font_weight_tablet":"","ocean_menu_typo_font_weight_mobile":"","ocean_menu_typo_transform":"","ocean_menu_typo_transform_tablet":"","ocean_menu_typo_transform_mobile":"","ocean_menu_typo_line_height":0,"ocean_menu_typo_line_height_tablet":0,"ocean_menu_typo_line_height_mobile":0,"ocean_menu_typo_line_height_unit":"","ocean_menu_typo_spacing":0,"ocean_menu_typo_spacing_tablet":0,"ocean_menu_typo_spacing_mobile":0,"ocean_menu_typo_spacing_unit":"","ocean_menu_link_color":"","ocean_menu_link_color_hover":"","ocean_menu_link_color_active":"","ocean_menu_link_background":"","ocean_menu_link_hover_background":"","ocean_menu_link_active_background":"","ocean_menu_social_links_bg":"","ocean_menu_social_hover_links_bg":"","ocean_menu_social_links_color":"","ocean_menu_social_hover_links_color":"","ocean_disable_title":"default","ocean_disable_heading":"default","ocean_post_title":"","ocean_post_subheading":"","ocean_post_title_style":"","ocean_post_title_background_color":"","ocean_post_title_background":0,"ocean_post_title_bg_image_position":"","ocean_post_title_bg_image_attachment":"","ocean_post_title_bg_image_repeat":"","ocean_post_title_bg_image_size":"","ocean_post_title_height":0,"ocean_post_title_bg_overlay":0.5,"ocean_post_title_bg_overlay_color":"","ocean_disable_breadcrumbs":"default","ocean_breadcrumbs_color":"","ocean_breadcrumbs_separator_color":"","ocean_breadcrumbs_links_color":"","ocean_breadcrumbs_links_hover_color":"","ocean_display_footer_widgets":"default","ocean_display_footer_bottom":"default","ocean_custom_footer_template":"0","footnotes":""},"class_list":["post-487","page","type-page","status-publish","hentry","entry"],"_links":{"self":[{"href":"https:\/\/vsbruck-fischamenderstrasse.ac.at\/index.php?rest_route=\/wp\/v2\/pages\/487"}],"collection":[{"href":"https:\/\/vsbruck-fischamenderstrasse.ac.at\/index.php?rest_route=\/wp\/v2\/pages"}],"about":[{"href":"https:\/\/vsbruck-fischamenderstrasse.ac.at\/index.php?rest_route=\/wp\/v2\/types\/page"}],"author":[{"embeddable":true,"href":"https:\/\/vsbruck-fischamenderstrasse.ac.at\/index.php?rest_route=\/wp\/v2\/users\/2"}],"replies":[{"embeddable":true,"href":"https:\/\/vsbruck-fischamenderstrasse.ac.at\/index.php?rest_route=%2Fwp%2Fv2%2Fcomments&post=487"}],"version-history":[{"count":83,"href":"https:\/\/vsbruck-fischamenderstrasse.ac.at\/index.php?rest_route=\/wp\/v2\/pages\/487\/revisions"}],"predecessor-version":[{"id":1499,"href":"https:\/\/vsbruck-fischamenderstrasse.ac.at\/index.php?rest_route=\/wp\/v2\/pages\/487\/revisions\/1499"}],"wp:attachment":[{"href":"https:\/\/vsbruck-fischamenderstrasse.ac.at\/index.php?rest_route=%2Fwp%2Fv2%2Fmedia&parent=487"}],"curies":[{"name":"wp","href":"https:\/\/api.w.org\/{rel}","templated":true}]}}